{"id":24,"date":"2011-02-13T17:24:09","date_gmt":"2011-02-13T17:24:09","guid":{"rendered":"http:\/\/www.fsracingteam.de\/?page_id=24"},"modified":"2018-01-30T09:50:16","modified_gmt":"2018-01-30T09:50:16","slug":"impressum","status":"publish","type":"page","link":"https:\/\/www.fsracingteam.de\/?page_id=24","title":{"rendered":"Impressum"},"content":{"rendered":"<p>FS Racingteam<br \/>\nFrank Schumacher<br \/>\nBahnhofstra\u00dfe 81<br \/>\n51597 Morsbach<\/p>\n<p><strong>Telefon:<\/strong> 02294\u00a099\u00a021 45<br \/>\n<strong>E-Mail:<\/strong> <a href=\"mailto:info@fsracingteam.de\">info@fsracingteam.de<\/a><\/p>\n<p><strong>Inhaltlich Verantwortlicher:<\/strong> Frank Schumacher<\/p>\n<p><strong>Datenschutz:<\/strong><\/p>\n<p>Daten, die Sie auf diesen Internetseiten eingeben, dienen ausschlie\u00dflich zu internen Zwecken und werden nicht an Dritte weitergegeben.<\/p>\n<p><strong>Copyright:<\/strong><\/p>\n<p>Design, Layout, Texte, Fotos, Animationen und sonstige Inhalte der Website www.fsracingteam.de sind urheberrechtlich gesch\u00fctzt.<\/p>\n<p>Das Vervielf\u00e4ltigen der hier ver\u00f6ffentlichten Daten, Informationen, Texte, Textausschnitte oder Fotos bedarf der schriftlichen und ausdr\u00fccklichen Zustimmung von Frank Schumacher.<\/p>\n<p><strong>Haftungsbeschr\u00e4nkung:<\/strong><\/p>\n<p>Wir haben bei der Erstellung der Webseiten gr\u00f6\u00dfte Sorgfalt angewandt, jedoch k\u00f6nnen wir nicht f\u00fcr die Korrektheit aller angebotenen Informationen garantieren.<\/p>\n<p>Wir haften nicht f\u00fcr Sch\u00e4den irgendwelcher Art, die durch die Benutzung oder im Zusammenhang mit der Benutzung der hier bereitgestellten Informationen entstehen, seien es direkte oder indirekte Sch\u00e4den, Folgesch\u00e4den oder Sondersch\u00e4den einschlie\u00dflich entgangenen Gewinns, oder Sch\u00e4den, die aus dem Verlust von Daten entstehen. Wir behalten uns \u00c4nderungen der Informationen auf diesem Server, die wir unverbindlich zur Verf\u00fcgung stellen, ohne vorherige Ank\u00fcndigung, vor. Unser Webauftritt enth\u00e4lt Links zu verschiedenen Seiten im Internet. Wir distanzieren uns hiermit von Inhalten jeglicher Art auf diesen Seiten. Des Weiteren erkl\u00e4ren wir ausdr\u00fccklich, dass wir auf Seiten au\u00dferhalb unserer Domain keinerlei Einfluss auf Gestaltung und Inhalte haben und somit auch nicht verantwortlich daf\u00fcr sind.<\/p>\n<p>Sollte auf von unseren Seiten verlinkten Seiten illegaler Inhalt verbreitet werden, so bitten wir darum, uns zu benachrichtigen, damit diese Links entfernt werden.<\/p>\n","protected":false},"excerpt":{"rendered":"<p>FS Racingteam Frank Schumacher Bahnhofstra\u00dfe 81 51597 Morsbach Telefon: 02294\u00a099\u00a021 45 E-Mail: info@fsracingteam.de Inhaltlich Verantwortlicher: Frank Schumacher Datenschutz: Daten, die Sie auf diesen Internetseiten eingeben, dienen ausschlie\u00dflich zu internen Zwecken und werden nicht an Dritte weitergegeben. Copyright: Design, Layout, Texte, &hellip; <a href=\"https:\/\/www.fsracingteam.de\/?page_id=24\">Weiterlesen <span class=\"meta-nav\">&rarr;<\/span><\/a><\/p>\n","protected":false},"author":1,"featured_media":0,"parent":0,"menu_order":10,"comment_status":"closed","ping_status":"closed","template":"","meta":{"footnotes":""},"class_list":["post-24","page","type-page","status-publish","hentry"],"_links":{"self":[{"href":"https:\/\/www.fsracingteam.de\/index.php?rest_route=\/wp\/v2\/pages\/24","targetHints":{"allow":["GET"]}}],"collection":[{"href":"https:\/\/www.fsracingteam.de\/index.php?rest_route=\/wp\/v2\/pages"}],"about":[{"href":"https:\/\/www.fsracingteam.de\/index.php?rest_route=\/wp\/v2\/types\/page"}],"author":[{"embeddable":true,"href":"https:\/\/www.fsracingteam.de\/index.php?rest_route=\/wp\/v2\/users\/1"}],"replies":[{"embeddable":true,"href":"https:\/\/www.fsracingteam.de\/index.php?rest_route=%2Fwp%2Fv2%2Fcomments&post=24"}],"version-history":[{"count":10,"href":"https:\/\/www.fsracingteam.de\/index.php?rest_route=\/wp\/v2\/pages\/24\/revisions"}],"predecessor-version":[{"id":1604,"href":"https:\/\/www.fsracingteam.de\/index.php?rest_route=\/wp\/v2\/pages\/24\/revisions\/1604"}],"wp:attachment":[{"href":"https:\/\/www.fsracingteam.de\/index.php?rest_route=%2Fwp%2Fv2%2Fmedia&parent=24"}],"curies":[{"name":"wp","href":"https:\/\/api.w.org\/{rel}","templated":true}]}}